r of x and i.
35
Suppose 3*a + 4*r - 428 = -a, -3*r + 3 = 0. Let b = a - 90. Calculate the highest common divisor of b and 176.
16
Suppose -5*v + 14 + 145 = 2*w, -v = -w - 36. Let b(o) = 7*o**2 + 1133*o + 80. Let p be b(-162). What is the highest common divisor of p and v?
11
Let c(f) be the third derivative of -4*f**3 + 0 + 0*f - 1/8*f**4 + 9*f**2. Let p be c(-10). What is the greatest common divisor of p and 6?
6
Let p(k) = -8*k - 54. Suppose 16*l = 13 - 125. Let g be p(l). What is the greatest common divisor of g and 8?
2
Let h(d) = 15*d**2 + 498*d + 3978. Let p be h(-8). What is the highest common divisor of 3657 and p?
159
Let z = -1516 + 1518. Calculate the greatest common divisor of z and 5646.
2
Suppose 0 = 4*z + 71 + 57. Suppose y = 4*p + 9, 0 = y + 2 + 1. Let u be z/12*(p - 0). Calculate the greatest common divisor of 2 and u.
2
Let f = 21848 - 21067. Calculate the highest common divisor of 1278 and f.
71
Let x(s) = 3*s**3 + 12*s**2 - 15*s - 1. Let g be x(5). Calculate the greatest common factor of g and 1.
1
Let m be (-3*243/36)/(2/(-24)). What is the greatest common factor of m and 288?
9
Let p(u) = 4*u + 20. Let n be p(-4). Suppose -4*g - 3*y = -20, -n*g + 0 + 24 = 4*y. Calculate the highest common factor of 2 and g.
2
Let l = -3748 + 5267. What is the highest common divisor of l and 98?
49
Suppose 2*c + 2*l - 8532 = 0, 307*c - 311*c + 17010 = -5*l. Calculate the greatest common factor of c and 240.
60
Let j(b) = 4*b**2 - 10*b - 10. Let k be j(-5). Let z = k + -138. What is the greatest common divisor of z and 50?
2
Let u be ((-53)/(-212))/(2 + 46/(-24)). Let a be (-1308)/(-4) - (-9)/u. What is the greatest common factor of 30 and a?
30
Suppose -1438*j + 714*j + 709*j = -1020. Calculate the highest common divisor of j and 391.
17
Let j be ((-1)/3)/((-4)/948). Suppose 4*c + 146 = -4*r + 3642, 2*r = 4*c + 1718. What is the greatest common factor of j and r?
79
Let w = -2920 + 2949. Calculate the greatest common factor of w and 5597.
29
Let w(p) = -4*p + 4. Let i be w(-6). Suppose 0 = 5*l - 7*l + i. Suppose 0 = -18*g + 20*g - 308. What is the highest common factor of g and l?
14
Let m(g) = 24*g + 177. Let s be m(-6). Let a be -183*8/(-66) + (-6)/s. Calculate the highest common divisor of 418 and a.
22
Let u = 38 - 47. Let a be -3 + ((-2)/4)/(u/(-18)). Let h be a/6 - 1684/(-6). Calculate the highest common divisor of 35 and h.
35
Let n = 5464 - 5368. Calculate the highest common factor of 200 and n.
8
Let f = 333 - 234. Let a(h) = h**2 - 11*h - 51. Let d be a(-8). Suppose j + 92 = d. Calculate the highest common factor of f and j.
9
Let j be ((-90)/48*-2)/(1/8). Suppose 5*r - 3*r = -j. Let n(b) = -b - 12. Let i be n(r). What is the highest common factor of 15 and i?
3
Let d(v) = 12*v**2 + 103*v - 315. Let x be d(3). Let q(g) = 70*g + 7. Let l be q(5). Calculate the highest common factor of x and l.
51
Let y(x) = -12*x - 28. Let h be y(-4). Suppose h*m - 626 = 174. Calculate the highest common divisor of m and 380.
20
Let p(w) = 64*w**2 + 31*w + 74. Let r be p(-3). Let i = -521 + r. What is the greatest common divisor of 52 and i?
4
Let l = -1174 - -1192. What is the highest common divisor of 390 and l?
6
Let p be 32*2 + 0 + 24/6. Suppose 0 = -5*j - 4*b + 436, -j = -9*b + 5*b - p. What is the greatest common factor of 112 and j?
28
Let a be (-1954)/6 + -8 + (-1)/3. Let z = a + 433. What is the highest common divisor of 9 and z?
9
Let g(n) = -4*n - 46. Let b be g(6). Let l = b + 322. Calculate the greatest common factor of 84 and l.
84
Let b be 0*4/8 - (-51 - 165). Calculate the highest common factor of 27 and b.
27
Let a(l) be the second derivative of l**4/6 - 5*l**3/6 - 7*l**2/2 + 69*l. Let r be a(8). What is the highest common factor of r and 3?
3
Suppose 5*g - 627 + 423 = -2*p, -5*g = -5*p - 225. What is the greatest common divisor of 1232 and g?
14
Let g = 46 + 10. Suppose 5*w = 0, 0*c + 2*c - 5*w = 0. Let m be 4 - ((-1 + c - -2) + -137). Calculate the greatest common factor of g and m.
28
Let h = -18899 + 19831. What is the greatest common factor of 32 and h?
4
Suppose 2*p - 3*p + 1568 = 15*p. Calculate the greatest common factor of p and 3479.
49
Let y(f) = 9*f**2 - 13*f + 29. Let q(a) = -a**3 + 7*a**2 + 19*a - 5. Let z be q(9). Let k be y(z). What is the highest common divisor of k and 11?
11
Let a be (-1634)/(-7) - ((-2)/11 + (-3240)/8316). Calculate the greatest common factor of a and 247.
13
Suppose 1013*m - 9419 = -2*c + 1012*m, 3*m + 3 = 0. Calculate the greatest common factor of c and 10.
10
Let r be (36/(-10))/(3/(-60)). Suppose 5*l = 4*t - 1155, 600 = 2*t - 0*l + 2*l. Suppose -18*d + 29 + t = 0. What is the highest common divisor of d and r?
18
Let b(q) = 49*q**2 - 11*q + 2 - 21*q**2 - 27*q**2. Let o be b(12). What is the greatest common factor of o and 266?
14
Suppose -5*u = -4*m + 127, 19 = -4*m + 2*u + 149. Let b = -77 + m. Let o = 50 + b. Calculate the greatest common divisor of o and 3.
3
Let r = -415 - -1091. Suppose -x + 844 = 5*a, 3*x - 4*x = 4*a - r. What is the greatest common divisor of a and 210?
42
Let f = 11742 + -11622. Calculate the highest common divisor of 3880 and f.
40
Let h(m) = 572*m - 3294. Let x be h(6). Calculate the highest common factor of 2162 and x.
46
Suppose -36*z = -48*z. Suppose -2*j + d + 23 = z, -25*d - 10 = -23*d. Calculate the highest common divisor of j and 171.
9
Let d = 13344 - 12066. Calculate the highest common factor of d and 3550.
142
Let x be 17*((-15)/10)/((-15)/10). Suppose i = -h + 10, -2*i + 22*h = x*h - 20. Let b be (-160)/(1 + 1)*-1. Calculate the highest common factor of b and i.
10
Let w(z) = -64 + 10 - 15*z + 23*z - 4*z - 13*z. Suppose -3*t = -r - 13 - 18, 3*r - 2*t = -58. Let n be w(r). Calculate the greatest common divisor of n and 10.
10
Suppose 0 = -18*l + 89 + 1423. Suppose 95*z - 96*z + l = 0. What is the highest common factor of z and 36?
12
Let a = -253 - -269. Suppose 0 = -5*u - 2*k + 34, u = -2*u + k + a. Let j = 45 - 27. Calculate the greatest common divisor of j and u.
6
Suppose -5*r - 276 + 3696 = -3*i, -3*i + 2052 = 3*r. Calculate the greatest common divisor of 36 and r.
36
Let a = -7869 + 8721. Calculate the highest common divisor of a and 24.
12
Let n(a) = a**3 - 27*a**2 - 71*a + 467. Let p be n(29). Let k = -44 + 74. What is the greatest common factor of p and k?
30
Let y be (-17)/51 + -5 + (-148)/(-3). Suppose 8*o - 245 = -4*f + 3*o, 2*o - 10 = 0. What is the highest common factor of f and y?
11
Let p = -4398 + 4479. Calculate the highest common divisor of p and 891.
81
Suppose -2*k = -0*a - 2*a - 82, -a + 76 = 2*k. Let f be 8/(-6) - (-2080)/k. Let r = 97 + -84. Calculate the highest common divisor of r and f.
13
Suppose 712 = 4*m - v, 486 = 2*m + 4*v + 94. Calculate the highest common divisor of 5715 and m.
45
Let d(p) = -p**3 - 17*p**2 + 27*p + 51. Let q be d(-19). Let g = -176 + q. Calculate the highest common factor of g and 588.
84
Let c = -1791 - -1803. What is the highest common factor of c and 4116?
12
Let f(w) = 4*w**2 - 293*w - 1416. Let z be f(78). Let q(p) = -4*p**3 - 6*p**2 + 5*p + 5. Let s be q(-5). Calculate the highest common divisor of z and s.
66
Let g(y) = -7*y**3 + 4*y - 5. Let h(z) = 8*z**3 - z**2 - 5*z + 5. Let r(j) = 4*g(j) + 3*h(j). Let o be r(-3). What is the greatest common factor of 803 and o?
73
Let v(a) = -5*a**2 - 273*a - 484. Let k be v(-52). Calculate the greatest common factor of k and 1024.
64
Let i be (12240/(-238))/((-12)/616). What is the highest common factor of 198 and i?
66
Let y(v) = v**2 + v - 5. Let o be y(4). Suppose -o*w - 351 = -24*w. What is the highest common divisor of 78 and w?
39
Let z = 20730 - 19666. Calculate the highest common factor of z and 448.
56
Suppose -i + 210 = 3*t, t - 646 = -3*i - 0*t. Let u be (-105)/(-6)*i/45. What is the greatest common divisor of 21 and u?
21
Let y(w) = -291*w + 1475. Let x be y(-4). What is the highest common divisor of x and 5481?
203
Suppose -s - s + 155 = q, 0 = -s - 2*q + 70. Let v = s + -72. Suppose x = -3*m + v*m - 26, -2*x = 5*m - 38. Calculate the highest common divisor of 3 and m.
3
Let r be (-4)/(-50) - (2 + 3 + (-175149)/325). What is the greatest common factor of r and 114?
6
Let d be 17 - ((-4 - -2) + 1). Let r = -6742 + 6760. Calculate the greate